{"id":208,"date":"2025-12-21T09:16:59","date_gmt":"2025-12-21T09:16:59","guid":{"rendered":"https:\/\/www.vakavasti.fi\/?page_id=208"},"modified":"2025-12-21T17:30:33","modified_gmt":"2025-12-21T17:30:33","slug":"postihistoriakokoelman-laatimisen-periaatteet","status":"publish","type":"page","link":"https:\/\/www.vakavasti.fi\/index.php\/postihistoriakokoelman-laatimisen-periaatteet\/","title":{"rendered":"Postihistoriakokoelman laatimisen periaatteet"},"content":{"rendered":"\n<div class=\"wp-block-group alignfull has-global-padding is-layout-constrained wp-container-core-group-is-layout-4e17e602 wp-block-group-is-layout-constrained\" style=\"padding-top:var(--wp--preset--spacing--superbspacing-medium);padding-right:var(--wp--preset--spacing--superbspacing-small);padding-bottom:var(--wp--preset--spacing--superbspacing-medium);padding-left:var(--wp--preset--spacing--superbspacing-small)\">\n<div class=\"wp-block-group is-layout-flow wp-container-core-group-is-layout-3fbca637 wp-block-group-is-layout-flow\">\n<div class=\"wp-block-group has-mono-3-background-color has-background has-superbfont-medium-font-size has-global-padding is-layout-constrained wp-container-core-group-is-layout-6d33c453 wp-block-group-is-layout-constrained\" style=\"margin-top:var(--wp--preset--spacing--superbspacing-xxsmall);margin-bottom:var(--wp--preset--spacing--superbspacing-xxsmall);padding-top:var(--wp--preset--spacing--superbspacing-small);padding-right:var(--wp--preset--spacing--superbspacing-small);padding-bottom:var(--wp--preset--spacing--superbspacing-small);padding-left:var(--wp--preset--spacing--superbspacing-small)\">\n<p class=\"has-mono-1-color has-text-color has-link-color has-superbfont-small-font-size wp-elements-40c776dbe8c9216c33e7bc8a005c30f0\" style=\"margin-top:var(--wp--preset--spacing--superbspacing-xxsmall);font-size:clamp(15.747px, 0.984rem + ((1vw - 3.2px) * 0.938), 24px);\">T\u00e4m\u00e4n nettisivuston Etusivulla lueteltujen l\u00e4hteiden lis\u00e4ksi t\u00e4m\u00e4n Kokoelman rakentaminen -osion laadinnassa on tukeuduttu seuraaviin l\u00e4hteisiin:<\/p>\n\n\n\n<ul class=\"wp-block-list\">\n<li class=\"has-superbfont-small-font-size\">Jari Majanderin Postihistoriallisen yhdistyksen kerhoillassa 25.3.2021 pit\u00e4m\u00e4 esitelm\u00e4 \u201dMiten rakentaa tarina kokoelmaan?\u201d<\/li>\n\n\n\n<li class=\"has-superbfont-small-font-size\">Lars Engelbrechtin FIP:n ehi\u00f6komission Newsletter:n numerossa 8 (Tammikuu 2013) julkaistu artikkeli Rarity statements in postal stationery exhibits.<\/li>\n\n\n\n<li class=\"has-superbfont-small-font-size\">Seppo Evinsalon Postihistoriallisen yhdistyksen kerhoillassa 27.8.2020 pit\u00e4m\u00e4 esitelm\u00e4 \u201dKokoelmalehtien selkeydest\u00e4 apua n\u00e4yttelymenestykseen\u201d<\/li>\n<\/ul>\n<\/div>\n\n\n\n<div style=\"height:10px\" aria-hidden=\"true\" class=\"wp-block-spacer\"><\/div>\n\n\n\n<p class=\"has-superbfont-small-font-size\">Kokoelmien arviointi pohjautuu siis Kansainv\u00e4lisen filatelistiliiton (FIP:n) laatimiin arvostelun erityisohjeisiin eli SREV:iin, joka on lyhenne sanoista Special Regulations for the Evaluation, ja tulkintaohjeisiin (guidelines).<\/p>\n\n\n\n<p class=\"has-superbfont-small-font-size\">SREV:n alkukielinen versio l\u00f6ytyy FIP:n\u00a0<a href=\"https:\/\/www.f-i-p.ch\/wp-content\/uploads\/Revised-Postal-History-Guidelines-Final-May2022.pdf\" target=\"_blank\" rel=\"noreferrer noopener\">nettisivuilta<\/a>, suomennos Suomen Filatelistiliiton\u00a0<a href=\"https:\/\/filatelisti.fi\/nayttelyt\/nayttelysaannot\/\" data-type=\"link\" data-id=\"https:\/\/filatelisti.fi\/nayttelyt\/nayttelysaannot\/\" target=\"_blank\" rel=\"noreferrer noopener\">nettisivuilta<\/a>\u00a0(v\u00e4liotsikon &#8220;Arvostelus\u00e4\u00e4nn\u00f6t luokittain&#8221; j\u00e4lkeen) ja tulossa olevat muutokset <a href=\"https:\/\/www.vakavasti.fi\/index.php\/nayttelysaannot\/\" data-type=\"page\" data-id=\"206\" target=\"_blank\" rel=\"noreferrer noopener\">t\u00e4\u00e4lt\u00e4<\/a> (jossa n\u00e4ht\u00e4vill\u00e4 my\u00f6s alkukielinen nykyversio).<\/p>\n\n\n\n<div style=\"height:10px\" aria-hidden=\"true\" class=\"wp-block-spacer\"><\/div>\n\n\n\n<hr class=\"wp-block-separator has-alpha-channel-opacity\"\/>\n\n\n\n<div style=\"height:10px\" aria-hidden=\"true\" class=\"wp-block-spacer\"><\/div>\n\n\n\n<p class=\"has-superbfont-small-font-size\"><strong>Postihistoriallisessa kokoelmassa n\u00e4ytteilleasettaja kertoo tarinan.<\/strong>&nbsp;Yleens\u00e4 se on kertoo yhden tai useamman postipalvelujen toiminnan kehityksest\u00e4.<\/p>\n\n\n\n<p class=\"has-superbfont-small-font-size\">Postihistoriallisella kokoelmalla on selke\u00e4 alku ja loppu. Alun ja lopun (laajuus) tulee olla loogisesti yhteydess\u00e4 k\u00e4sitelt\u00e4v\u00e4\u00e4n postihistorialliseen aiheeseen.<\/p>\n\n\n\n<p class=\"has-superbfont-small-font-size\">Laajuuden ja\/tai rakenteen m\u00e4\u00e4rittely ensisijaisesti perinteisen filatelian n\u00e4k\u00f6kohdista, kuten yksi tai useampi postimerkki- tai ehi\u00f6julkaisu, eiv\u00e4t todenn\u00e4k\u00f6isesti saa korkeinta pistekertym\u00e4\u00e4. Mieluummin j\u00e4sennelty taksan, reitin, s\u00e4\u00e4d\u00f6sten, postilajin mukaan, kronologisesti, maantieteellisesti (esim. paikallisten\/kansallisten seutujen mukaan), kuljetusmuodon\/palvelumuodon mukaan tai muulla postihistoriaan liittyv\u00e4ll\u00e4 tavalla.<\/p>\n\n\n\n<p class=\"has-superbfont-small-font-size\">Valitun aiheen tulee olla laajuudeltaan sopiva sek\u00e4 kokoelman varhaiseen ett\u00e4 mahdolliseen kokoon. Aihe on voitava k\u00e4sitell\u00e4 kokoelman kehysm\u00e4\u00e4r\u00e4ss\u00e4.<\/p>\n\n\n\n<div style=\"height:10px\" aria-hidden=\"true\" class=\"wp-block-spacer\"><\/div>\n\n\n\n<hr class=\"wp-block-separator has-alpha-channel-opacity\"\/>\n\n\n\n<div style=\"height:10px\" aria-hidden=\"true\" class=\"wp-block-spacer\"><\/div>\n\n\n\n<p class=\"has-superbfont-small-font-size\"><strong>Postihistoriallisessa kokoelmassa on pohjimmiltaan kyse<\/strong>&nbsp;postil\u00e4hetyksist\u00e4 tai niihin liittyvist\u00e4 dokumenteista; kuten<br>&#8211; postikorteista (esimerkki varsinaisesta postil\u00e4hetyksest\u00e4)<br>&#8211; pakettiosoitekorteista (esimerkki postil\u00e4hetyst\u00e4 seuraavasta dokumentista)<br>&#8211; kirjatun l\u00e4hetyksen j\u00e4tt\u00e4misest\u00e4 saatavasta kuitista (esimerkki postil\u00e4hetyksen muutoin liittyv\u00e4st\u00e4 dokumentista)<\/p>\n\n\n\n<figure class=\"wp-block-image size-large\"><img loading=\"lazy\" decoding=\"async\" width=\"1024\" height=\"515\" src=\"https:\/\/www.vakavasti.fi\/wp-content\/uploads\/2025\/12\/periaatteet-kuva1-1024x515.jpg\" alt=\"\" class=\"wp-image-76\" srcset=\"https:\/\/www.vakavasti.fi\/wp-content\/uploads\/2025\/12\/periaatteet-kuva1-1024x515.jpg 1024w, https:\/\/www.vakavasti.fi\/wp-content\/uploads\/2025\/12\/periaatteet-kuva1-300x151.jpg 300w, https:\/\/www.vakavasti.fi\/wp-content\/uploads\/2025\/12\/periaatteet-kuva1-768x386.jpg 768w, https:\/\/www.vakavasti.fi\/wp-content\/uploads\/2025\/12\/periaatteet-kuva1-1536x772.jpg 1536w, https:\/\/www.vakavasti.fi\/wp-content\/uploads\/2025\/12\/periaatteet-kuva1.jpg 2000w\" sizes=\"auto, (max-width: 1024px) 100vw, 1024px\" \/><\/figure>\n\n\n\n<div style=\"height:10px\" aria-hidden=\"true\" class=\"wp-block-spacer\"><\/div>\n\n\n\n<hr class=\"wp-block-separator has-alpha-channel-opacity\"\/>\n\n\n\n<div style=\"height:10px\" aria-hidden=\"true\" class=\"wp-block-spacer\"><\/div>\n\n\n\n<p class=\"has-superbfont-small-font-size\"><strong>Tarkastelussa ovat<\/strong>&nbsp;postil\u00e4hetysten ja dokumenttien merkinn\u00e4t; kuten<br>&#8211; l\u00e4hett\u00e4j\u00e4<br>&#8211; osoitepaikkakunta<br>&#8211; merkkien yhteenlaskettu nimellisarvo eli l\u00e4hetyksen postimaksu<br>&#8211; mist\u00e4 l\u00e4hetyslajista on kyse<br>&#8211; postileima p\u00e4iv\u00e4yksineen<br>&#8211; postin kulkuun liittyv\u00e4t muut merkinn\u00e4t<\/p>\n\n\n\n<figure class=\"wp-block-image size-large\" style=\"margin-right:var(--wp--preset--spacing--superbspacing-xlarge);margin-left:var(--wp--preset--spacing--superbspacing-xlarge)\"><img loading=\"lazy\" decoding=\"async\" width=\"1024\" height=\"846\" src=\"https:\/\/www.vakavasti.fi\/wp-content\/uploads\/2025\/12\/periaatteet-kuva2-1024x846.jpg\" alt=\"\" class=\"wp-image-77\" srcset=\"https:\/\/www.vakavasti.fi\/wp-content\/uploads\/2025\/12\/periaatteet-kuva2-1024x846.jpg 1024w, https:\/\/www.vakavasti.fi\/wp-content\/uploads\/2025\/12\/periaatteet-kuva2-300x248.jpg 300w, https:\/\/www.vakavasti.fi\/wp-content\/uploads\/2025\/12\/periaatteet-kuva2-768x634.jpg 768w, https:\/\/www.vakavasti.fi\/wp-content\/uploads\/2025\/12\/periaatteet-kuva2-1536x1269.jpg 1536w, https:\/\/www.vakavasti.fi\/wp-content\/uploads\/2025\/12\/periaatteet-kuva2.jpg 1553w\" sizes=\"auto, (max-width: 1024px) 100vw, 1024px\" \/><\/figure>\n\n\n\n<p class=\"has-superbfont-small-font-size\">Sen sijaan perinteisen filatelian n\u00e4k\u00f6kohdilla ei ole merkityst\u00e4. Esimerkiksi ei ole merkityst\u00e4, onko 4 mk taksan maksamiseen k\u00e4ytetty a) 4 mk merkki\u00e4, b) 2 kpl 2 mk merkki\u00e4 tai c) 4 kpl 1 mk merkkej\u00e4.<\/p>\n\n\n\n<div style=\"height:10px\" aria-hidden=\"true\" class=\"wp-block-spacer\"><\/div>\n\n\n\n<hr class=\"wp-block-separator has-alpha-channel-opacity\"\/>\n\n\n\n<div style=\"height:10px\" aria-hidden=\"true\" class=\"wp-block-spacer\"><\/div>\n\n\n\n<p class=\"has-superbfont-small-font-size\">Perinteisesti&nbsp;<strong>postihistoriakokoelmat on voitu jakaa<\/strong>&nbsp;kahteen ryhm\u00e4\u00e4<br>1) postileimakokoelmat ja<br>2) postihistoriakokoelmat.<br>Viimeiset 15 vuotta on ollut kolmaskin ryhm\u00e4: historialliset, yhteiskunnalliset ja erityistutkielmat. (T\u00e4m\u00e4 kolmas alaluokka on esitelty kansainv\u00e4lisen filatelistiliiton arvosteluohjeiden kohdassa 2C, mink\u00e4 vuoksi t\u00e4llaisiin kokoelmiin usein viitataan \u201d2C-kokoelmina\u201d.)<\/p>\n\n\n\n<p class=\"has-superbfont-small-font-size\">Postihistoriakokoelmissa nimens\u00e4 mukaisesti esitell\u00e4\u00e4n postileimoja ja j\u00e4sentely pohjautuu n\u00e4iden leimojen luokitteluun.<\/p>\n\n\n\n<p class=\"has-superbfont-small-font-size\">Postihistoriakokoelmia ovat sitten kaikki muut postihistoriaa k\u00e4sittelev\u00e4t kokoelmat kuvaten postin reittej\u00e4, taksoja, k\u00e4sittelymerkint\u00f6j\u00e4, k\u00e4yt\u00e4nt\u00f6j\u00e4 sek\u00e4 muita postaalisia n\u00e4k\u00f6kohtia, palveluja, toimintoja ja teht\u00e4vi\u00e4, jotka liittyv\u00e4t postipalvelujen kehityksen historiaan.<\/p>\n\n\n\n<p class=\"has-superbfont-small-font-size\">N\u00e4m\u00e4 kokoelmat sis\u00e4lt\u00e4v\u00e4t virallisten, paikallisten tai yksityisten postilaitosten kuljettamaa ja niihin liittyv\u00e4\u00e4 aineistoa. Karttoja, s\u00e4\u00e4d\u00f6ksi\u00e4, julistuksia jne. tulisi k\u00e4ytt\u00e4\u00e4 vain, jos ne ovat merkityksellisi\u00e4 valitun aiheen kehitt\u00e4misen ja dokumentoinnin kannalta, ja niiden lukum\u00e4\u00e4r\u00e4\u00e4 tulisi rajoittaa. Leimakokoelmassa \u2013 ei siis muissa postihistoriallisissa kokoelmissa \u2013 voi olla my\u00f6s irtomerkkej\u00e4, mutta suotavampi tapa esitt\u00e4\u00e4 mit\u00e4t\u00f6intileimoja on tehd\u00e4 se postil\u00e4hetyksill\u00e4.<\/p>\n\n\n\n<p class=\"has-superbfont-small-font-size\">Lis\u00e4ksi kokoelma voi sis\u00e4lt\u00e4\u00e4 liike-el\u00e4m\u00e4n ja yhteiskunnan postij\u00e4rjestelm\u00e4n k\u00e4ytt\u00f6\u00f6n tuottamaa materiaalia. (T\u00e4st\u00e4 kohta tarkemmin.)<\/p>\n\n\n\n<p class=\"has-superbfont-small-font-size\">Voi sis\u00e4lt\u00e4\u00e4 jopa ei-filateelista materiaalia, jos se on aiheen k\u00e4sittelyn kannalta tarpeen.<\/p>\n\n\n\n<figure class=\"wp-block-image size-large\"><img loading=\"lazy\" decoding=\"async\" width=\"1024\" height=\"647\" src=\"https:\/\/www.vakavasti.fi\/wp-content\/uploads\/2025\/12\/periaatteet-kuva3-1024x647.jpg\" alt=\"\" class=\"wp-image-78\" srcset=\"https:\/\/www.vakavasti.fi\/wp-content\/uploads\/2025\/12\/periaatteet-kuva3-1024x647.jpg 1024w, https:\/\/www.vakavasti.fi\/wp-content\/uploads\/2025\/12\/periaatteet-kuva3-300x190.jpg 300w, https:\/\/www.vakavasti.fi\/wp-content\/uploads\/2025\/12\/periaatteet-kuva3-768x485.jpg 768w, https:\/\/www.vakavasti.fi\/wp-content\/uploads\/2025\/12\/periaatteet-kuva3-1536x971.jpg 1536w, https:\/\/www.vakavasti.fi\/wp-content\/uploads\/2025\/12\/periaatteet-kuva3.jpg 2000w\" sizes=\"auto, (max-width: 1024px) 100vw, 1024px\" \/><\/figure>\n\n\n\n<p class=\"has-superbfont-small-font-size\">Tartutaan tuohon SREV:iin kirjoitettuun m\u00e4\u00e4rittelyyn \u201dLiike-el\u00e4m\u00e4n ja yhteiskunnan postij\u00e4rjestelm\u00e4n k\u00e4ytt\u00f6\u00f6n tuottama materiaali\u201d. L\u00e4ht\u00f6kohta on siis, ett\u00e4 materiaalin on tuottanut liike-el\u00e4m\u00e4 tai yhteiskunta (kunnan, valtion, oppilaitos jne.).<\/p>\n\n\n\n<p class=\"has-superbfont-small-font-size\">Ent\u00e4 sitten se, ett\u00e4 materiaali on tuotettu postij\u00e4rjestelm\u00e4n k\u00e4ytt\u00f6\u00f6n? Tarkoitettaneen sellaista, mit\u00e4 tarvitaan postittamisessa, kuten kirjekuoria, pakettiosoitekortteja jne.<\/p>\n\n\n\n<p class=\"has-superbfont-small-font-size\">Mit\u00e4 on sitten tuottaminen? Tuon m\u00e4\u00e4rityksen t\u00e4ytt\u00e4nev\u00e4t ainakin sellaiset, joissa on yrityksen, viranomaisen tms. tuottama painanne. Jonkin lausutun k\u00e4sityksen mukaan, my\u00f6s leimapainanne voisi olla t\u00e4llainen, koska pienet yritykset eiv\u00e4t painattaneet omia kuoria.<\/p>\n\n\n\n<figure class=\"wp-block-image size-large\"><img loading=\"lazy\" decoding=\"async\" width=\"1024\" height=\"408\" src=\"https:\/\/www.vakavasti.fi\/wp-content\/uploads\/2025\/12\/periaatteet-kuva4-1024x408.jpg\" alt=\"\" class=\"wp-image-79\" srcset=\"https:\/\/www.vakavasti.fi\/wp-content\/uploads\/2025\/12\/periaatteet-kuva4-1024x408.jpg 1024w, https:\/\/www.vakavasti.fi\/wp-content\/uploads\/2025\/12\/periaatteet-kuva4-300x119.jpg 300w, https:\/\/www.vakavasti.fi\/wp-content\/uploads\/2025\/12\/periaatteet-kuva4-768x306.jpg 768w, https:\/\/www.vakavasti.fi\/wp-content\/uploads\/2025\/12\/periaatteet-kuva4-1536x611.jpg 1536w, https:\/\/www.vakavasti.fi\/wp-content\/uploads\/2025\/12\/periaatteet-kuva4.jpg 2000w\" sizes=\"auto, (max-width: 1024px) 100vw, 1024px\" \/><\/figure>\n\n\n\n<div style=\"height:10px\" aria-hidden=\"true\" class=\"wp-block-spacer\"><\/div>\n\n\n\n<hr class=\"wp-block-separator has-alpha-channel-opacity\"\/>\n\n\n\n<div style=\"height:10px\" aria-hidden=\"true\" class=\"wp-block-spacer\"><\/div>\n\n\n\n<p class=\"has-superbfont-small-font-size\"><strong>N\u00e4yttelykokoelman rakentamisen p\u00e4\u00e4vaiheet<\/strong>&nbsp;karkeasti ilmaistuna voisivat olla seuraavat:<br>1. P\u00e4\u00e4t\u00e4 kokoelman aihe.<br>2. Kartoita l\u00e4hdekirjallisuus.<br>3. Kirjoita kokoelman tarina l\u00e4hdekirjallisuuteen pohjautuen eli kokoelman tekstit laajimmillaan (pois lukien tietysti viel\u00e4 t\u00e4ss\u00e4 vaiheessa kohteiden kuvaukset).<br>4. Luettele tarvittavat kohteet eli etsi tarinaan tarvittava \u201dkuvitus\u201d eli tee puuteluettelo.<br>5. Etsi ja hanki ne kohteet, joilla saat kokoelmasta sen laajuisen, jolla haluat ensimm\u00e4isen kerran osallistua n\u00e4yttelyyn.<br>6. Montteeraa kokoelma.<br>7. Osallistu n\u00e4yttelyyn.<\/p>\n\n\n\n<p class=\"has-superbfont-small-font-size\">K\u00e4yt\u00e4nn\u00f6ss\u00e4 kyseess\u00e4 on iteratiivinen prosessi (ks. kaaviokuva ohessa). Ennen kokoelman monteeraamista ensimm\u00e4ist\u00e4 kertaa kokoelman aihetta saatetaan s\u00e4\u00e4t\u00e4\u00e4 useampia kertoja ja tutkia lis\u00e4\u00e4 l\u00e4hteit\u00e4. N\u00e4iden pohjalta niin tarina kuin tarvittavien kohteiden luettelo muokkaantuu edelleen.<\/p>\n\n\n\n<figure class=\"wp-block-image size-large\" style=\"margin-right:var(--wp--preset--spacing--superbspacing-small);margin-left:var(--wp--preset--spacing--superbspacing-small)\"><img loading=\"lazy\" decoding=\"async\" width=\"1024\" height=\"871\" src=\"https:\/\/www.vakavasti.fi\/wp-content\/uploads\/2025\/12\/Rakentaminen-Paavaiheet-kuva1-1024x871.jpg\" alt=\"\" class=\"wp-image-105\" srcset=\"https:\/\/www.vakavasti.fi\/wp-content\/uploads\/2025\/12\/Rakentaminen-Paavaiheet-kuva1-1024x871.jpg 1024w, https:\/\/www.vakavasti.fi\/wp-content\/uploads\/2025\/12\/Rakentaminen-Paavaiheet-kuva1-300x255.jpg 300w, https:\/\/www.vakavasti.fi\/wp-content\/uploads\/2025\/12\/Rakentaminen-Paavaiheet-kuva1-768x653.jpg 768w, https:\/\/www.vakavasti.fi\/wp-content\/uploads\/2025\/12\/Rakentaminen-Paavaiheet-kuva1-1536x1307.jpg 1536w, https:\/\/www.vakavasti.fi\/wp-content\/uploads\/2025\/12\/Rakentaminen-Paavaiheet-kuva1-2048x1743.jpg 2048w\" sizes=\"auto, (max-width: 1024px) 100vw, 1024px\" \/><\/figure>\n\n\n\n<p class=\"has-superbfont-small-font-size\">N\u00e4yttelyyn osallistumisen j\u00e4lkeen voi olla tarve s\u00e4\u00e4t\u00e4\u00e4 kokoelman aihetta ja siit\u00e4 syyst\u00e4, tai joka tapauksessa, voi olla paikallaan tutustua lis\u00e4\u00e4 l\u00e4hdemateriaaliin, jonka my\u00f6t\u00e4 saa kokoelman tarinaa s\u00e4\u00e4detty\u00e4 ja t\u00e4ydennety\u00e4, mist\u00e4 seuraa uusien kohteiden hankintaa.<\/p>\n\n\n\n<blockquote class=\"wp-block-quote is-layout-flow wp-block-quote-is-layout-flow\">\n<div style=\"height:10px\" aria-hidden=\"true\" class=\"wp-block-spacer\"><\/div>\n\n\n\n<p class=\"has-primary-hover-color has-text-color has-link-color has-superbfont-small-font-size wp-elements-9bf9e5908f3965cad730b93b3ffc3196\"><em>Kannattaa panna merkille, ett\u00e4 pohjimmiltaan vain kohteiden hankinnassa tarvitaan varoja. Se, miten muissa kohdissa \u2013 ja toki my\u00f6s kohteiden hankinnassa \u2013 onnistuu, on kiinni omasta paneutumisesta, viitseli\u00e4isyydest\u00e4, eli ty\u00f6st\u00e4.<\/em><\/p>\n\n\n\n<div style=\"height:10px\" aria-hidden=\"true\" class=\"wp-block-spacer\"><\/div>\n<\/blockquote>\n\n\n\n<p class=\"has-superbfont-small-font-size\">Arvostelukohteina tyypillisesti ovat (ja suluissa niiden muodolliset painoarvot) aiheen merkitys (10%), filateeliset ja vastaavat tiedot (35%), aiheen k\u00e4sittely (20%), laatu (10%), harvinaisuus (20%) ja esitystapa (5%).<\/p>\n\n\n\n<p class=\"has-superbfont-small-font-size\">Alla olevassa kaaviossa on havainnollistettu edell\u00e4 kuvattujen tekemisen vaiheiden kytkent\u00e4\u00e4 eri arvostelukohteisiin. Esimerkiksi se, miten montteeraa (so. laittaa kohteet kokoelmasivuille sek\u00e4 tekstitt\u00e4\u00e4 kohteet ja tarinan) kokoelman, ei vaikuta vain esitystapa-arvosteluosaan. Lehdille laitetusta tekstist\u00e4 k\u00e4y ilmi tiedot ja tutkimus ja otsikoinnista k\u00e4sittely.<\/p>\n\n\n\n<figure class=\"wp-block-image size-large\"><img loading=\"lazy\" decoding=\"async\" width=\"1024\" height=\"652\" src=\"https:\/\/www.vakavasti.fi\/wp-content\/uploads\/2025\/12\/Rakentaminen-Paavaiheet-kuva2-1024x652.jpg\" alt=\"\" class=\"wp-image-106\" srcset=\"https:\/\/www.vakavasti.fi\/wp-content\/uploads\/2025\/12\/Rakentaminen-Paavaiheet-kuva2-1024x652.jpg 1024w, https:\/\/www.vakavasti.fi\/wp-content\/uploads\/2025\/12\/Rakentaminen-Paavaiheet-kuva2-300x191.jpg 300w, https:\/\/www.vakavasti.fi\/wp-content\/uploads\/2025\/12\/Rakentaminen-Paavaiheet-kuva2-768x489.jpg 768w, https:\/\/www.vakavasti.fi\/wp-content\/uploads\/2025\/12\/Rakentaminen-Paavaiheet-kuva2-1536x978.jpg 1536w, https:\/\/www.vakavasti.fi\/wp-content\/uploads\/2025\/12\/Rakentaminen-Paavaiheet-kuva2.jpg 2008w\" sizes=\"auto, (max-width: 1024px) 100vw, 1024px\" \/><\/figure>\n\n\n\n<blockquote class=\"wp-block-quote is-layout-flow wp-block-quote-is-layout-flow\">\n<div style=\"height:10px\" aria-hidden=\"true\" class=\"wp-block-spacer\"><\/div>\n\n\n\n<p class=\"has-primary-hover-color has-text-color has-link-color has-superbfont-small-font-size wp-elements-a6718007a0968ac84350d9da37109f17\"><em>\u00a0Merkillepantavaa on, ett\u00e4 omalla paneutumisella ja ty\u00f6ll\u00e4 on hyvin iso merkitys, vaikutusmahdollisuus!<\/em><\/p>\n\n\n\n<div style=\"height:10px\" aria-hidden=\"true\" class=\"wp-block-spacer\"><\/div>\n<\/blockquote>\n\n\n\n<p class=\"has-superbfont-small-font-size\">Usein kiinnostus johonkin aihepiiriin on her\u00e4nnyt sen my\u00f6t\u00e4, kun aihepiiriin liittyv\u00e4\u00e4 materiaalia on kertynyt. Vaikka aloitustapa ei ole optimaalisin, niin se taitaa kuitenkin olla yleisin tapa p\u00e4\u00e4ty\u00e4 rakentamaan kokoelma jostakin aiheesta. Etenkin t\u00e4ll\u00f6in on itse kunkin syyt\u00e4 hyv\u00e4ksy\u00e4 se, ettei kaikkea hankittua materiaalia sitten kokoelmaa kehitt\u00e4m\u00e4\u00e4n l\u00e4htiess\u00e4\u00e4n saa kokoelmaan sopimaan, koska tuloksena olisi ainakin toistoa.<\/p>\n\n\n\n<figure class=\"wp-block-image size-large\" style=\"margin-right:var(--wp--preset--spacing--superbspacing-medium);margin-left:var(--wp--preset--spacing--superbspacing-medium)\"><img loading=\"lazy\" decoding=\"async\" width=\"1024\" height=\"813\" src=\"https:\/\/www.vakavasti.fi\/wp-content\/uploads\/2025\/12\/Rakentaminen-Paavaiheet-kuva3-1024x813.jpg\" alt=\"\" class=\"wp-image-107\" srcset=\"https:\/\/www.vakavasti.fi\/wp-content\/uploads\/2025\/12\/Rakentaminen-Paavaiheet-kuva3-1024x813.jpg 1024w, https:\/\/www.vakavasti.fi\/wp-content\/uploads\/2025\/12\/Rakentaminen-Paavaiheet-kuva3-300x238.jpg 300w, https:\/\/www.vakavasti.fi\/wp-content\/uploads\/2025\/12\/Rakentaminen-Paavaiheet-kuva3-768x610.jpg 768w, https:\/\/www.vakavasti.fi\/wp-content\/uploads\/2025\/12\/Rakentaminen-Paavaiheet-kuva3-1536x1220.jpg 1536w, https:\/\/www.vakavasti.fi\/wp-content\/uploads\/2025\/12\/Rakentaminen-Paavaiheet-kuva3.jpg 1772w\" sizes=\"auto, (max-width: 1024px) 100vw, 1024px\" \/><\/figure>\n<\/div>\n<\/div>\n","protected":false},"excerpt":{"rendered":"<p>T\u00e4m\u00e4n nettisivuston Etusivulla lueteltujen l\u00e4hteiden lis\u00e4ksi t\u00e4m\u00e4n Kokoelman rakentaminen -osion laadinnassa on tukeuduttu seuraaviin l\u00e4hteisiin: Kokoelmien arviointi pohjautuu siis Kansainv\u00e4lisen filatelistiliiton (FIP:n) laatimiin arvostelun erityisohjeisiin eli SREV:iin, joka on lyhenne sanoista Special Regulations for the Evaluation, ja tulkintaohjeisiin (guidelines). SREV:n alkukielinen versio l\u00f6ytyy FIP:n\u00a0nettisivuilta, suomennos Suomen Filatelistiliiton\u00a0nettisivuilta\u00a0(v\u00e4liotsikon &#8220;Arvostelus\u00e4\u00e4nn\u00f6t luokittain&#8221; j\u00e4lkeen) ja tulossa olevat muutokset t\u00e4\u00e4lt\u00e4 [&hellip;]<\/p>\n","protected":false},"author":1,"featured_media":0,"parent":0,"menu_order":0,"comment_status":"closed","ping_status":"closed","template":"","meta":{"footnotes":""},"class_list":["post-208","page","type-page","status-publish","hentry"],"_links":{"self":[{"href":"https:\/\/www.vakavasti.fi\/index.php\/wp-json\/wp\/v2\/pages\/208","targetHints":{"allow":["GET"]}}],"collection":[{"href":"https:\/\/www.vakavasti.fi\/index.php\/wp-json\/wp\/v2\/pages"}],"about":[{"href":"https:\/\/www.vakavasti.fi\/index.php\/wp-json\/wp\/v2\/types\/page"}],"author":[{"embeddable":true,"href":"https:\/\/www.vakavasti.fi\/index.php\/wp-json\/wp\/v2\/users\/1"}],"replies":[{"embeddable":true,"href":"https:\/\/www.vakavasti.fi\/index.php\/wp-json\/wp\/v2\/comments?post=208"}],"version-history":[{"count":13,"href":"https:\/\/www.vakavasti.fi\/index.php\/wp-json\/wp\/v2\/pages\/208\/revisions"}],"predecessor-version":[{"id":297,"href":"https:\/\/www.vakavasti.fi\/index.php\/wp-json\/wp\/v2\/pages\/208\/revisions\/297"}],"wp:attachment":[{"href":"https:\/\/www.vakavasti.fi\/index.php\/wp-json\/wp\/v2\/media?parent=208"}],"curies":[{"name":"wp","href":"https:\/\/api.w.org\/{rel}","templated":true}]}}