{"id":165,"date":"2025-12-20T12:31:41","date_gmt":"2025-12-20T12:31:41","guid":{"rendered":"https:\/\/www.vakavasti.fi\/?page_id=165"},"modified":"2025-12-20T12:31:41","modified_gmt":"2025-12-20T12:31:41","slug":"harvinaisuuden-ilmoittaminen","status":"publish","type":"page","link":"https:\/\/www.vakavasti.fi\/index.php\/harvinaisuuden-ilmoittaminen\/","title":{"rendered":"Harvinaisuuden ilmoittaminen"},"content":{"rendered":"\n<div class=\"wp-block-group alignfull has-global-padding is-layout-constrained wp-container-core-group-is-layout-4e17e602 wp-block-group-is-layout-constrained\" style=\"padding-top:var(--wp--preset--spacing--superbspacing-medium);padding-right:var(--wp--preset--spacing--superbspacing-small);padding-bottom:var(--wp--preset--spacing--superbspacing-medium);padding-left:var(--wp--preset--spacing--superbspacing-small)\">\n<div class=\"wp-block-group is-layout-flow wp-container-core-group-is-layout-3fbca637 wp-block-group-is-layout-flow\">\n<p class=\"has-superbfont-small-font-size\">On tullut tavaksi varustaa kokoelmissa kohteet mit\u00e4 erilaisimmin harvinaisuudenilmaisimin. Mitk\u00e4 tavat n\u00e4ist\u00e4 ovat parhaita?<\/p>\n\n\n\n<div style=\"height:10px\" aria-hidden=\"true\" class=\"wp-block-spacer\"><\/div>\n\n\n\n<h4 class=\"wp-block-heading\">\u201dHarvinainen kohde\u201d tai \u201deritt\u00e4in harvoin tavattava\u201d<\/h4>\n\n\n\n<p class=\"has-superbfont-small-font-size\">T\u00e4llaiset maininnat eiv\u00e4t sano mit\u00e4\u00e4n t\u00e4sm\u00e4llist\u00e4 kuinka harvinainen kohden on. Kyseess\u00e4 on vain v\u00e4itt\u00e4m\u00e4.<\/p>\n\n\n\n<div style=\"height:10px\" aria-hidden=\"true\" class=\"wp-block-spacer\"><\/div>\n\n\n\n<h4 class=\"wp-block-heading\">\u201dAinoa olemassa oleva\u201d tai \u201dUniikki\u201d<\/h4>\n\n\n\n<p class=\"has-superbfont-small-font-size\">T\u00e4llaiset maininnat ovat vaarallisia. On tapahtunut niin, ett\u00e4 n\u00e4yttelyss\u00e4 yhdess\u00e4 kokoelmassa uniikiksi v\u00e4itetyst\u00e4 kohteesta l\u00f6ytyy dublikaatti toisesta samassa n\u00e4yttelyss\u00e4 olevasta kokoelmasta. Ja t\u00e4ss\u00e4 toisessa kokoelmassa my\u00f6s v\u00e4itet\u00e4\u00e4n kohteen olevan ainoa olemassa oleva. Jos n\u00e4ytteilleasettaja on noin v\u00e4\u00e4r\u00e4ss\u00e4 yhden kohteen osalta, niin ovatko h\u00e4nen muutkaan kuvaukset uskottavia.<\/p>\n\n\n\n<div style=\"height:10px\" aria-hidden=\"true\" class=\"wp-block-spacer\"><\/div>\n\n\n\n<h4 class=\"wp-block-heading\">\u201dAinoa tiedossa oleva\u201d<\/h4>\n\n\n\n<p class=\"has-superbfont-small-font-size\">T\u00e4ss\u00e4 viitataan laskentaan, jonka n\u00e4ytteilleasettaja itse on tehnyt. Ei kuitenkaan tiedet\u00e4, kuinka monta kokoelmaa n\u00e4ytteilleasettaja on n\u00e4hnyt.<\/p>\n\n\n\n<div style=\"height:10px\" aria-hidden=\"true\" class=\"wp-block-spacer\"><\/div>\n\n\n\n<h4 class=\"wp-block-heading\">\u201dAinoa rekister\u00f6ity\u201d<\/h4>\n\n\n\n<p class=\"has-superbfont-small-font-size\">T\u00e4m\u00e4 kertoo, ett\u00e4 rekister\u00f6inti\u00e4 on tehty. Kokoelman etulehdell\u00e4 tulee t\u00e4ll\u00f6in selvitt\u00e4\u00e4, mink\u00e4 laajuisesta rekister\u00f6innist\u00e4 on kyse. Onko rekister\u00f6innin suorittanut n\u00e4ytteilleasetatja itse? Onko kaikki tiedossa olevat kyseisen alueen kokoelmat ja keskeisten huutokauppahuoneiden tarjonta huomioitu? Jos on, niin kuinka monen vuoden ajalta rekister\u00f6inti\u00e4 on tehty? Onko rekister\u00f6innin tulokset julkaistu niin, ett\u00e4 tulokset on altistettu yleiselle tarkastelulle?<\/p>\n\n\n\n<div style=\"height:10px\" aria-hidden=\"true\" class=\"wp-block-spacer\"><\/div>\n\n\n\n<h4 class=\"wp-block-heading\">Paras tapa<\/h4>\n\n\n\n<p class=\"has-superbfont-small-font-size\">Paras tapa ilmaista harvinaisuus on k\u00e4ytt\u00e4\u00e4 \u201dnelj\u00e4 rekister\u00f6ity\u201d -tyylist\u00e4 mainintaa asianomaisen kohteen yhteydess\u00e4. Etulehdell\u00e4 tulee muistaa antaa vastaukset edell\u00e4 Ainoa rekister\u00f6ity -kohdassa esitettyihin kysymyksiin.<\/p>\n\n\n\n<div style=\"height:10px\" aria-hidden=\"true\" class=\"wp-block-spacer\"><\/div>\n\n\n\n<h4 class=\"wp-block-heading\">Mik\u00e4 lopulta on todella harvinainen<\/h4>\n\n\n\n<p class=\"has-superbfont-small-font-size\">Tarkoituksenmukaisinta on merkit\u00e4 vain todella harvinaiset kohteet. Millainen kohde sitten lopulta on todella harvinainen? Olen n\u00e4hnyt kansainv\u00e4lisess\u00e4 lehdist\u00f6ss\u00e4 mainintoja, ett\u00e4 kohde on \u2019todella harvinainen\u2019, jos samankaltaisia kohteita tiedet\u00e4\u00e4n olevan kattavaan rekister\u00f6intiin perustuen enint\u00e4\u00e4n viisi. Toisaalta Postihistoriallisen yhdistyksen kerhoillassa pari vuotta sitten keskusteltiin k\u00e4sitteest\u00e4 \u2019harvinainen\u2019. Silloin tehdyss\u00e4 gallupissa k\u00e4sitykseksi muodostui, ett\u00e4 kohde on \u2019harvinainen, jos niit\u00e4 tunnetaan enint\u00e4\u00e4n 50. J\u00e4rkev\u00e4 lukum\u00e4\u00e4r\u00e4 k\u00e4sitteelle \u2019todella harvinainen\u2019 lienee noiden edell\u00e4 mainittujen lukujen v\u00e4liss\u00e4 ja l\u00e4hemp\u00e4n\u00e4 viitt\u00e4 kuin viitt\u00e4kymment\u00e4.<\/p>\n\n\n\n<p class=\"has-superbfont-small-font-size\">L\u00e4hdemateriaali:&nbsp;T\u00e4m\u00e4 artikkeli pohjautuu Lars Engelbrecht:n artikkeliin Rarity statements in postal stationery exhibits, joka on julkaistu FIP:n ehi\u00f6komission Newsletter:n numerossa 8 (Tammikuu 2013).<\/p>\n<\/div>\n<\/div>\n","protected":false},"excerpt":{"rendered":"<p>On tullut tavaksi varustaa kokoelmissa kohteet mit\u00e4 erilaisimmin harvinaisuudenilmaisimin. Mitk\u00e4 tavat n\u00e4ist\u00e4 ovat parhaita? \u201dHarvinainen kohde\u201d tai \u201deritt\u00e4in harvoin tavattava\u201d T\u00e4llaiset maininnat eiv\u00e4t sano mit\u00e4\u00e4n t\u00e4sm\u00e4llist\u00e4 kuinka harvinainen kohden on. Kyseess\u00e4 on vain v\u00e4itt\u00e4m\u00e4. \u201dAinoa olemassa oleva\u201d tai \u201dUniikki\u201d T\u00e4llaiset maininnat ovat vaarallisia. On tapahtunut niin, ett\u00e4 n\u00e4yttelyss\u00e4 yhdess\u00e4 kokoelmassa uniikiksi v\u00e4itetyst\u00e4 kohteesta l\u00f6ytyy dublikaatti [&hellip;]<\/p>\n","protected":false},"author":1,"featured_media":0,"parent":0,"menu_order":0,"comment_status":"closed","ping_status":"closed","template":"","meta":{"footnotes":""},"class_list":["post-165","page","type-page","status-publish","hentry"],"_links":{"self":[{"href":"https:\/\/www.vakavasti.fi\/index.php\/wp-json\/wp\/v2\/pages\/165","targetHints":{"allow":["GET"]}}],"collection":[{"href":"https:\/\/www.vakavasti.fi\/index.php\/wp-json\/wp\/v2\/pages"}],"about":[{"href":"https:\/\/www.vakavasti.fi\/index.php\/wp-json\/wp\/v2\/types\/page"}],"author":[{"embeddable":true,"href":"https:\/\/www.vakavasti.fi\/index.php\/wp-json\/wp\/v2\/users\/1"}],"replies":[{"embeddable":true,"href":"https:\/\/www.vakavasti.fi\/index.php\/wp-json\/wp\/v2\/comments?post=165"}],"version-history":[{"count":1,"href":"https:\/\/www.vakavasti.fi\/index.php\/wp-json\/wp\/v2\/pages\/165\/revisions"}],"predecessor-version":[{"id":166,"href":"https:\/\/www.vakavasti.fi\/index.php\/wp-json\/wp\/v2\/pages\/165\/revisions\/166"}],"wp:attachment":[{"href":"https:\/\/www.vakavasti.fi\/index.php\/wp-json\/wp\/v2\/media?parent=165"}],"curies":[{"name":"wp","href":"https:\/\/api.w.org\/{rel}","templated":true}]}}